{"id":444,"date":"2014-10-27T17:44:18","date_gmt":"2014-10-27T17:44:18","guid":{"rendered":"http:\/\/www.tessiot-demenagement.com\/lareunion\/?page_id=444"},"modified":"2022-02-25T10:28:45","modified_gmt":"2022-02-25T10:28:45","slug":"demenagement-international","status":"publish","type":"page","link":"https:\/\/www.tessiot-demenagement.com\/lareunion\/demenagement-international\/","title":{"rendered":"D\u00e9m\u00e9nagement International"},"content":{"rendered":"\t\t<div data-elementor-type=\"wp-page\" data-elementor-id=\"444\" class=\"elementor elementor-444\" data-elementor-settings=\"[]\">\n\t\t\t\t\t\t<div class=\"elementor-inner\">\n\t\t\t\t\t\t\t<div class=\"elementor-section-wrap\">\n\t\t\t\t\t\t\t<section class=\"elementor-section elementor-top-section elementor-element elementor-element-d0b8c19 elementor-section-boxed elementor-section-height-default elementor-section-height-default\" data-id=\"d0b8c19\" data-element_type=\"section\">\n\t\t\t\t\t\t<div class=\"elementor-container elementor-column-gap-default\">\n\t\t\t\t\t\t\t<div class=\"elementor-row\">\n\t\t\t\t\t<div class=\"elementor-column elementor-col-100 elementor-top-column elementor-element elementor-element-3f546ea\" data-id=\"3f546ea\" data-element_type=\"column\">\n\t\t\t<div class=\"elementor-column-wrap elementor-element-populated\">\n\t\t\t\t\t\t\t<div class=\"elementor-widget-wrap\">\n\t\t\t\t\t\t<div class=\"elementor-element elementor-element-7b4c7b2 elementor-widget elementor-widget-heading\" data-id=\"7b4c7b2\" data-element_type=\"widget\" data-widget_type=\"heading.default\">\n\t\t\t\t<div class=\"elementor-widget-container\">\n\t\t\t<h1 class=\"elementor-heading-title elementor-size-xl\">D\u00e9m\u00e9nagement International<\/h1>\t\t<\/div>\n\t\t\t\t<\/div>\n\t\t\t\t\t\t<\/div>\n\t\t\t\t\t<\/div>\n\t\t<\/div>\n\t\t\t\t\t\t\t\t<\/div>\n\t\t\t\t\t<\/div>\n\t\t<\/section>\n\t\t\t\t<section class=\"elementor-section elementor-top-section elementor-element elementor-element-feb94f7 elementor-section-boxed elementor-section-height-default elementor-section-height-default\" data-id=\"feb94f7\" data-element_type=\"section\">\n\t\t\t\t\t\t<div class=\"elementor-container elementor-column-gap-default\">\n\t\t\t\t\t\t\t<div class=\"elementor-row\">\n\t\t\t\t\t<div class=\"elementor-column elementor-col-100 elementor-top-column elementor-element elementor-element-9a28e23\" data-id=\"9a28e23\" data-element_type=\"column\">\n\t\t\t<div class=\"elementor-column-wrap elementor-element-populated\">\n\t\t\t\t\t\t\t<div class=\"elementor-widget-wrap\">\n\t\t\t\t\t\t<div class=\"elementor-element elementor-element-61b5a60 elementor-widget elementor-widget-spacer\" data-id=\"61b5a60\" data-element_type=\"widget\" data-widget_type=\"spacer.default\">\n\t\t\t\t<div class=\"elementor-widget-container\">\n\t\t\t\t\t<div class=\"elementor-spacer\">\n\t\t\t<div class=\"elementor-spacer-inner\"><\/div>\n\t\t<\/div>\n\t\t\t\t<\/div>\n\t\t\t\t<\/div>\n\t\t\t\t\t\t<\/div>\n\t\t\t\t\t<\/div>\n\t\t<\/div>\n\t\t\t\t\t\t\t\t<\/div>\n\t\t\t\t\t<\/div>\n\t\t<\/section>\n\t\t\t\t<section class=\"elementor-section elementor-top-section elementor-element elementor-element-cecc586 elementor-section-boxed elementor-section-height-default elementor-section-height-default\" data-id=\"cecc586\" data-element_type=\"section\">\n\t\t\t\t\t\t<div class=\"elementor-container elementor-column-gap-default\">\n\t\t\t\t\t\t\t<div class=\"elementor-row\">\n\t\t\t\t\t<div class=\"elementor-column elementor-col-66 elementor-top-column elementor-element elementor-element-7c1501a\" data-id=\"7c1501a\" data-element_type=\"column\">\n\t\t\t<div class=\"elementor-column-wrap elementor-element-populated\">\n\t\t\t\t\t\t\t<div class=\"elementor-widget-wrap\">\n\t\t\t\t\t\t<div class=\"elementor-element elementor-element-35783f4 elementor-widget elementor-widget-text-editor\" data-id=\"35783f4\" data-element_type=\"widget\" data-widget_type=\"text-editor.default\">\n\t\t\t\t<div class=\"elementor-widget-container\">\n\t\t\t\t\t<div class=\"elementor-text-editor elementor-clearfix\"><p>Sp\u00e9cialiste du d\u00e9m\u00e9nagement \u00e0 l\u2019International, Tessiot s\u2019est forg\u00e9 au 20<sup>\u00e8me<\/sup> si\u00e8cle une solide exp\u00e9rience dans le d\u00e9m\u00e9nagement vers les colonies. Depuis, gr\u00e2ce \u00e0 leurs comp\u00e9tences, nos d\u00e9m\u00e9nageurs sont des experts reconnus pour les transports et tous types de transferts dans <strong>les DOM TOM<\/strong>. <strong>Sp\u00e9cialiste de l\u2019Import-Export<\/strong>, nous nous occupons de trouver<a href=\"http:\/\/www.tessiot-demenagement.com\/lareunion\/conteneur-personnalise-la-reunion\/\"> le conteneur<\/a>. Et ce\u00a0du chargement \u00e0 votre adresse de d\u00e9part, <a href=\"http:\/\/www.tessiot-demenagement.com\/lareunion\/reglementation-douaniere\/\">des formalit\u00e9s douani\u00e8res<\/a>, jusqu&#8217;au\u00a0transport du port vers votre adresse d\u2019arriv\u00e9e.<\/p><p><span style=\"font-family: 'Open Sans', serif; font-size: 15px; font-style: normal; font-variant-ligatures: normal; font-variant-caps: normal; font-weight: 400; color: var( --e-global-color-27c501af );\">Nous pouvons nous adapter \u00e0 des demandes diverses et vari\u00e9es. Car le<\/span>s solutions sont nombreuses. Si vous souhaitez <a href=\"http:\/\/www.tessiot-demenagement.com\/lareunion\/transporter-votre-voiture-de-et-vers-la-reunion\/\">envoyer une voiture<\/a> ou <a href=\"http:\/\/www.tessiot-demenagement.com\/lareunion\/transporter-votre-moto\/\">une moto<\/a> \u00e0 l&#8217;International, nous pouvons vous aider. De m\u00eame pour trouver votre conteneur. Nous pouvons vous proposer un conteneur personnalis\u00e9, ou un groupage pour r\u00e9duire les co\u00fbts, si cela est possible. Si vous avez un besoin urgent d&#8217;envoyer ou de recevoir certains effets personnels, nous pouvons faire un envoi par\u00a0<a href=\"http:\/\/www.tessiot-demenagement.com\/lareunion\/transport-aerien-vers-la-reunion\/\">transport a\u00e9rien<\/a>.<\/p><p>Nous sommes comp\u00e9tents pour assurer votre d\u00e9m\u00e9nagement de l\u2019\u00eele de La R\u00e9union vers n\u2019importe quelle destination \u00e0 travers le monde. Gr\u00e2ce \u00e0 notre r\u00e9seau \u00e9tendu de partenaires, nous avons forc\u00e9ment la solution pour votre d\u00e9m\u00e9nagement.<\/p><\/div>\n\t\t\t\t<\/div>\n\t\t\t\t<\/div>\n\t\t\t\t\t\t<\/div>\n\t\t\t\t\t<\/div>\n\t\t<\/div>\n\t\t\t\t<div class=\"elementor-column elementor-col-33 elementor-top-column elementor-element elementor-element-e8e046b\" data-id=\"e8e046b\" data-element_type=\"column\">\n\t\t\t<div class=\"elementor-column-wrap elementor-element-populated\">\n\t\t\t\t\t\t\t<div class=\"elementor-widget-wrap\">\n\t\t\t\t\t\t<div class=\"elementor-element elementor-element-22c893a elementor-widget elementor-widget-image\" data-id=\"22c893a\" data-element_type=\"widget\" data-widget_type=\"image.default\">\n\t\t\t\t<div class=\"elementor-widget-container\">\n\t\t\t\t\t<div class=\"elementor-image\">\n\t\t\t\t\t\t\t\t\t\t<img width=\"259\" height=\"195\" src=\"https:\/\/www.tessiot-demenagement.com\/lareunion\/wp-content\/uploads\/2014\/10\/tortue-e1537890912706.jpg\" class=\"attachment-large size-large\" alt=\"D\u00e9m\u00e9nageur \u00e0 la r\u00e9union\" loading=\"lazy\" \/>\t\t\t\t\t\t\t\t\t\t\t<\/div>\n\t\t\t\t<\/div>\n\t\t\t\t<\/div>\n\t\t\t\t\t\t<\/div>\n\t\t\t\t\t<\/div>\n\t\t<\/div>\n\t\t\t\t\t\t\t\t<\/div>\n\t\t\t\t\t<\/div>\n\t\t<\/section>\n\t\t\t\t<section class=\"elementor-section elementor-top-section elementor-element elementor-element-ca4e771 elementor-section-boxed elementor-section-height-default elementor-section-height-default\" data-id=\"ca4e771\" data-element_type=\"section\">\n\t\t\t\t\t\t<div class=\"elementor-container elementor-column-gap-default\">\n\t\t\t\t\t\t\t<div class=\"elementor-row\">\n\t\t\t\t\t<div class=\"elementor-column elementor-col-100 elementor-top-column elementor-element elementor-element-995060f\" data-id=\"995060f\" data-element_type=\"column\">\n\t\t\t<div class=\"elementor-column-wrap elementor-element-populated\">\n\t\t\t\t\t\t\t<div class=\"elementor-widget-wrap\">\n\t\t\t\t\t\t<div class=\"elementor-element elementor-element-2be39cf elementor-widget elementor-widget-heading\" data-id=\"2be39cf\" data-element_type=\"widget\" data-widget_type=\"heading.default\">\n\t\t\t\t<div class=\"elementor-widget-container\">\n\t\t\t<h2 class=\"elementor-heading-title elementor-size-large\">D\u00e9m\u00e9nager \u00e0 Madagascar et \u00e0 Mayotte.<\/h2>\t\t<\/div>\n\t\t\t\t<\/div>\n\t\t\t\t\t\t<\/div>\n\t\t\t\t\t<\/div>\n\t\t<\/div>\n\t\t\t\t\t\t\t\t<\/div>\n\t\t\t\t\t<\/div>\n\t\t<\/section>\n\t\t\t\t<section class=\"elementor-section elementor-top-section elementor-element elementor-element-8821ac7 elementor-section-boxed elementor-section-height-default elementor-section-height-default\" data-id=\"8821ac7\" data-element_type=\"section\">\n\t\t\t\t\t\t<div class=\"elementor-container elementor-column-gap-default\">\n\t\t\t\t\t\t\t<div class=\"elementor-row\">\n\t\t\t\t\t<div class=\"elementor-column elementor-col-66 elementor-top-column elementor-element elementor-element-f7f42ea\" data-id=\"f7f42ea\" data-element_type=\"column\">\n\t\t\t<div class=\"elementor-column-wrap elementor-element-populated\">\n\t\t\t\t\t\t\t<div class=\"elementor-widget-wrap\">\n\t\t\t\t\t\t<div class=\"elementor-element elementor-element-7528377 elementor-widget elementor-widget-text-editor\" data-id=\"7528377\" data-element_type=\"widget\" data-widget_type=\"text-editor.default\">\n\t\t\t\t<div class=\"elementor-widget-container\">\n\t\t\t\t\t<div class=\"elementor-text-editor elementor-clearfix\"><p>Gr\u00e2ce \u00e0 notre proximit\u00e9 et \u00e0 notre exp\u00e9rience avec les \u00eeles de Madagascar et de Mayotte, vous b\u00e9n\u00e9ficiez d\u2019un partenaire privil\u00e9gi\u00e9 dans l\u2019Oc\u00e9an Indien. Install\u00e9 depuis 2006 \u00e0 Mamoudzou, Tessiot est \u00e0 votre \u00e9coute \u00e0 Mayotte.<\/p>\n<p>Pour un d\u00e9m\u00e9nagement en local, dans les DOM TOM ou sur un autre continent, faites confiance aux d\u00e9m\u00e9nageurs Tessiot pour transporter vos biens \u00e0 bon port.<\/p><\/div>\n\t\t\t\t<\/div>\n\t\t\t\t<\/div>\n\t\t\t\t\t\t<\/div>\n\t\t\t\t\t<\/div>\n\t\t<\/div>\n\t\t\t\t<div class=\"elementor-column elementor-col-33 elementor-top-column elementor-element elementor-element-38bd7c8\" data-id=\"38bd7c8\" data-element_type=\"column\">\n\t\t\t<div class=\"elementor-column-wrap elementor-element-populated\">\n\t\t\t\t\t\t\t<div class=\"elementor-widget-wrap\">\n\t\t\t\t\t\t<div class=\"elementor-element elementor-element-b8a564c elementor-align-center elementor-widget elementor-widget-button\" data-id=\"b8a564c\" data-element_type=\"widget\" data-widget_type=\"button.default\">\n\t\t\t\t<div class=\"elementor-widget-container\">\n\t\t\t\t\t<div class=\"elementor-button-wrapper\">\n\t\t\t<a href=\"https:\/\/www.tessiot-demenagement.com\/fr\/contact-et-devis\/\" class=\"elementor-button-link elementor-button elementor-size-lg\" role=\"button\">\n\t\t\t\t\t\t<span class=\"elementor-button-content-wrapper\">\n\t\t\t\t\t\t<span class=\"elementor-button-text\">Demandez votre devis gratuit<\/span>\n\t\t<\/span>\n\t\t\t\t\t<\/a>\n\t\t<\/div>\n\t\t\t\t<\/div>\n\t\t\t\t<\/div>\n\t\t\t\t<div class=\"elementor-element elementor-element-aff563c elementor-button-info elementor-align-center elementor-widget elementor-widget-button\" data-id=\"aff563c\" data-element_type=\"widget\" data-widget_type=\"button.default\">\n\t\t\t\t<div class=\"elementor-widget-container\">\n\t\t\t\t\t<div class=\"elementor-button-wrapper\">\n\t\t\t<a href=\"http:\/\/www.tessiot-demenagement.com\/mayotte\/\" class=\"elementor-button-link elementor-button elementor-size-lg\" role=\"button\">\n\t\t\t\t\t\t<span class=\"elementor-button-content-wrapper\">\n\t\t\t\t\t\t<span class=\"elementor-button-text\">Visiter notre site de Mayotte<\/span>\n\t\t<\/span>\n\t\t\t\t\t<\/a>\n\t\t<\/div>\n\t\t\t\t<\/div>\n\t\t\t\t<\/div>\n\t\t\t\t\t\t<\/div>\n\t\t\t\t\t<\/div>\n\t\t<\/div>\n\t\t\t\t\t\t\t\t<\/div>\n\t\t\t\t\t<\/div>\n\t\t<\/section>\n\t\t\t\t\t\t<\/div>\n\t\t\t\t\t\t<\/div>\n\t\t\t\t\t<\/div>\n\t\t","protected":false},"excerpt":{"rendered":"<p>D\u00e9m\u00e9nagement International Sp\u00e9cialiste du d\u00e9m\u00e9nagement \u00e0 l\u2019International, Tessiot s\u2019est forg\u00e9 au 20\u00e8me si\u00e8cle une solide exp\u00e9rience dans le d\u00e9m\u00e9nagement vers<\/p>\n","protected":false},"author":1,"featured_media":0,"parent":0,"menu_order":1,"comment_status":"open","ping_status":"open","template":"","meta":{"spay_email":""},"yoast_head":"<!-- This site is optimized with the Yoast SEO plugin v15.8 - https:\/\/yoast.com\/wordpress\/plugins\/seo\/ -->\n<title>D\u00e9m\u00e9nagement International - D\u00e9m\u00e9nagement A Tessiot<\/title>\n<meta name=\"description\" content=\"Pour votre d\u00e9m\u00e9nagement International, faites appel aux d\u00e9m\u00e9nageurs Tessiot. Votre professionnel \u00e0 La R\u00e9union deuis 1995.\" \/>\n<meta name=\"robots\" content=\"index, follow, max-snippet:-1, max-image-preview:large, max-video-preview:-1\" \/>\n<link rel=\"canonical\" href=\"http:\/\/www.tessiot-demenagement.com\/lareunion\/demenagement-international\/\" \/>\n<meta property=\"og:locale\" content=\"fr_FR\" \/>\n<meta property=\"og:type\" content=\"article\" \/>\n<meta property=\"og:title\" content=\"D\u00e9m\u00e9nagement International - D\u00e9m\u00e9nagement A Tessiot\" \/>\n<meta property=\"og:description\" content=\"Pour votre d\u00e9m\u00e9nagement International, faites appel aux d\u00e9m\u00e9nageurs Tessiot. Votre professionnel \u00e0 La R\u00e9union deuis 1995.\" \/>\n<meta property=\"og:url\" content=\"http:\/\/www.tessiot-demenagement.com\/lareunion\/demenagement-international\/\" \/>\n<meta property=\"og:site_name\" content=\"D\u00e9m\u00e9nagement A Tessiot\" \/>\n<meta property=\"article:modified_time\" content=\"2022-02-25T10:28:45+00:00\" \/>\n<meta property=\"og:image\" content=\"http:\/\/www.tessiot-demenagement.com\/lareunion\/wp-content\/uploads\/2014\/10\/tortue-e1537890912706.jpg\" \/>\n<meta name=\"twitter:label1\" content=\"Dur\u00e9e de lecture est.\">\n\t<meta name=\"twitter:data1\" content=\"2 minutes\">\n<script type=\"application\/ld+json\" class=\"yoast-schema-graph\">{\"@context\":\"https:\/\/schema.org\",\"@graph\":[{\"@type\":\"WebSite\",\"@id\":\"http:\/\/www.tessiot-demenagement.com\/lareunion\/#website\",\"url\":\"http:\/\/www.tessiot-demenagement.com\/lareunion\/\",\"name\":\"D\\u00e9m\\u00e9nagement A Tessiot\",\"description\":\"votre demenageur specialiste des transferts administratifs et industriels\",\"potentialAction\":[{\"@type\":\"SearchAction\",\"target\":\"http:\/\/www.tessiot-demenagement.com\/lareunion\/?s={search_term_string}\",\"query-input\":\"required name=search_term_string\"}],\"inLanguage\":\"fr-FR\"},{\"@type\":\"ImageObject\",\"@id\":\"http:\/\/www.tessiot-demenagement.com\/lareunion\/demenagement-international\/#primaryimage\",\"inLanguage\":\"fr-FR\",\"url\":\"http:\/\/www.tessiot-demenagement.com\/lareunion\/wp-content\/uploads\/2014\/10\/tortue-e1537890912706.jpg\"},{\"@type\":\"WebPage\",\"@id\":\"http:\/\/www.tessiot-demenagement.com\/lareunion\/demenagement-international\/#webpage\",\"url\":\"http:\/\/www.tessiot-demenagement.com\/lareunion\/demenagement-international\/\",\"name\":\"D\\u00e9m\\u00e9nagement International - D\\u00e9m\\u00e9nagement A Tessiot\",\"isPartOf\":{\"@id\":\"http:\/\/www.tessiot-demenagement.com\/lareunion\/#website\"},\"primaryImageOfPage\":{\"@id\":\"http:\/\/www.tessiot-demenagement.com\/lareunion\/demenagement-international\/#primaryimage\"},\"datePublished\":\"2014-10-27T17:44:18+00:00\",\"dateModified\":\"2022-02-25T10:28:45+00:00\",\"description\":\"Pour votre d\\u00e9m\\u00e9nagement International, faites appel aux d\\u00e9m\\u00e9nageurs Tessiot. Votre professionnel \\u00e0 La R\\u00e9union deuis 1995.\",\"breadcrumb\":{\"@id\":\"http:\/\/www.tessiot-demenagement.com\/lareunion\/demenagement-international\/#breadcrumb\"},\"inLanguage\":\"fr-FR\",\"potentialAction\":[{\"@type\":\"ReadAction\",\"target\":[\"http:\/\/www.tessiot-demenagement.com\/lareunion\/demenagement-international\/\"]}]},{\"@type\":\"BreadcrumbList\",\"@id\":\"http:\/\/www.tessiot-demenagement.com\/lareunion\/demenagement-international\/#breadcrumb\",\"itemListElement\":[{\"@type\":\"ListItem\",\"position\":1,\"item\":{\"@type\":\"WebPage\",\"@id\":\"http:\/\/www.tessiot-demenagement.com\/lareunion\/demenagement-international\/\",\"url\":\"http:\/\/www.tessiot-demenagement.com\/lareunion\/demenagement-international\/\",\"name\":\"D\\u00e9m\\u00e9nagement International\"}}]}]}<\/script>\n<!-- \/ Yoast SEO plugin. -->","jetpack_sharing_enabled":true,"jetpack_shortlink":"https:\/\/wp.me\/P5eCLF-7a","_links":{"self":[{"href":"https:\/\/www.tessiot-demenagement.com\/lareunion\/wp-json\/wp\/v2\/pages\/444"}],"collection":[{"href":"https:\/\/www.tessiot-demenagement.com\/lareunion\/wp-json\/wp\/v2\/pages"}],"about":[{"href":"https:\/\/www.tessiot-demenagement.com\/lareunion\/wp-json\/wp\/v2\/types\/page"}],"author":[{"embeddable":true,"href":"https:\/\/www.tessiot-demenagement.com\/lareunion\/wp-json\/wp\/v2\/users\/1"}],"replies":[{"embeddable":true,"href":"https:\/\/www.tessiot-demenagement.com\/lareunion\/wp-json\/wp\/v2\/comments?post=444"}],"version-history":[{"count":28,"href":"https:\/\/www.tessiot-demenagement.com\/lareunion\/wp-json\/wp\/v2\/pages\/444\/revisions"}],"predecessor-version":[{"id":3098,"href":"https:\/\/www.tessiot-demenagement.com\/lareunion\/wp-json\/wp\/v2\/pages\/444\/revisions\/3098"}],"wp:attachment":[{"href":"https:\/\/www.tessiot-demenagement.com\/lareunion\/wp-json\/wp\/v2\/media?parent=444"}],"curies":[{"name":"wp","href":"https:\/\/api.w.org\/{rel}","templated":true}]}}