{"id":748,"date":"2014-11-05T09:52:52","date_gmt":"2014-11-05T09:52:52","guid":{"rendered":"http:\/\/www.tessiot-demenagement.com\/lareunion\/?page_id=748"},"modified":"2022-02-25T10:20:53","modified_gmt":"2022-02-25T10:20:53","slug":"preparer-son-demenagement","status":"publish","type":"page","link":"http:\/\/www.tessiot-demenagement.com\/lareunion\/preparer-son-demenagement\/","title":{"rendered":"Pr\u00e9parer son d\u00e9m\u00e9nagement"},"content":{"rendered":"\t\t<div data-elementor-type=\"wp-page\" data-elementor-id=\"748\" class=\"elementor elementor-748\" data-elementor-settings=\"[]\">\n\t\t\t\t\t\t<div class=\"elementor-inner\">\n\t\t\t\t\t\t\t<div class=\"elementor-section-wrap\">\n\t\t\t\t\t\t\t<section class=\"elementor-section elementor-top-section elementor-element elementor-element-f315070 elementor-section-boxed elementor-section-height-default elementor-section-height-default\" data-id=\"f315070\" data-element_type=\"section\">\n\t\t\t\t\t\t<div class=\"elementor-container elementor-column-gap-default\">\n\t\t\t\t\t\t\t<div class=\"elementor-row\">\n\t\t\t\t\t<div class=\"elementor-column elementor-col-100 elementor-top-column elementor-element elementor-element-24a845f\" data-id=\"24a845f\" data-element_type=\"column\">\n\t\t\t<div class=\"elementor-column-wrap elementor-element-populated\">\n\t\t\t\t\t\t\t<div class=\"elementor-widget-wrap\">\n\t\t\t\t\t\t<div class=\"elementor-element elementor-element-05096fa elementor-widget elementor-widget-heading\" data-id=\"05096fa\" data-element_type=\"widget\" data-widget_type=\"heading.default\">\n\t\t\t\t<div class=\"elementor-widget-container\">\n\t\t\t<h1 class=\"elementor-heading-title elementor-size-xl\">Pr\u00e9parer votre d\u00e9m\u00e9nagement.<\/h1>\t\t<\/div>\n\t\t\t\t<\/div>\n\t\t\t\t\t\t<\/div>\n\t\t\t\t\t<\/div>\n\t\t<\/div>\n\t\t\t\t\t\t\t\t<\/div>\n\t\t\t\t\t<\/div>\n\t\t<\/section>\n\t\t\t\t<section class=\"elementor-section elementor-top-section elementor-element elementor-element-0e012d5 elementor-section-boxed elementor-section-height-default elementor-section-height-default\" data-id=\"0e012d5\" data-element_type=\"section\">\n\t\t\t\t\t\t<div class=\"elementor-container elementor-column-gap-default\">\n\t\t\t\t\t\t\t<div class=\"elementor-row\">\n\t\t\t\t\t<div class=\"elementor-column elementor-col-100 elementor-top-column elementor-element elementor-element-128a7db\" data-id=\"128a7db\" data-element_type=\"column\">\n\t\t\t<div class=\"elementor-column-wrap elementor-element-populated\">\n\t\t\t\t\t\t\t<div class=\"elementor-widget-wrap\">\n\t\t\t\t\t\t<div class=\"elementor-element elementor-element-b886114 elementor-widget elementor-widget-spacer\" data-id=\"b886114\" data-element_type=\"widget\" data-widget_type=\"spacer.default\">\n\t\t\t\t<div class=\"elementor-widget-container\">\n\t\t\t\t\t<div class=\"elementor-spacer\">\n\t\t\t<div class=\"elementor-spacer-inner\"><\/div>\n\t\t<\/div>\n\t\t\t\t<\/div>\n\t\t\t\t<\/div>\n\t\t\t\t\t\t<\/div>\n\t\t\t\t\t<\/div>\n\t\t<\/div>\n\t\t\t\t\t\t\t\t<\/div>\n\t\t\t\t\t<\/div>\n\t\t<\/section>\n\t\t\t\t<section class=\"elementor-section elementor-top-section elementor-element elementor-element-a71c58f elementor-section-boxed elementor-section-height-default elementor-section-height-default\" data-id=\"a71c58f\" data-element_type=\"section\">\n\t\t\t\t\t\t<div class=\"elementor-container elementor-column-gap-default\">\n\t\t\t\t\t\t\t<div class=\"elementor-row\">\n\t\t\t\t\t<div class=\"elementor-column elementor-col-66 elementor-top-column elementor-element elementor-element-2b380fa\" data-id=\"2b380fa\" data-element_type=\"column\">\n\t\t\t<div class=\"elementor-column-wrap elementor-element-populated\">\n\t\t\t\t\t\t\t<div class=\"elementor-widget-wrap\">\n\t\t\t\t\t\t<div class=\"elementor-element elementor-element-c792651 elementor-widget elementor-widget-text-editor\" data-id=\"c792651\" data-element_type=\"widget\" data-widget_type=\"text-editor.default\">\n\t\t\t\t<div class=\"elementor-widget-container\">\n\t\t\t\t\t<div class=\"elementor-text-editor elementor-clearfix\"><p>Vous d\u00e9m\u00e9nagez<strong> en local<\/strong> ? Vous d\u00e9m\u00e9nagez de la <strong>M\u00e9tropole vers l&#8217;\u00eele de La R\u00e9union<\/strong> ? Ou vous habitez sur l&#8217;\u00eele et vous souhaitez <strong>d\u00e9m\u00e9nager en France<\/strong> ? Et vous vous demandez comment pr\u00e9parer votre d\u00e9m\u00e9nagement ? Comment r\u00e9gler <strong>les formalit\u00e9s douani\u00e8res<\/strong> ? Comment <strong>trouver votre conteneur<\/strong> et votre moyen de transport ? Quel interlocuteur ou <strong>quel interm\u00e9diaire est disponible sur place<\/strong> ?<\/p>\n<p>Tessiot D\u00e9m\u00e9nagements est sp\u00e9cialiste du d\u00e9m\u00e9nagement en Outre-mer. Et plus sp\u00e9cifiquement \u00e0 La R\u00e9union. Appelez un de nos deux conseillers, Jean Michel Decomble ou Jean Marc Koszareck. Leurs ann\u00e9es d&#8217;exp\u00e9rience dans le d\u00e9m\u00e9nagement et l&#8217;Import-Export vous seront pr\u00e9cieux.<\/p><\/div>\n\t\t\t\t<\/div>\n\t\t\t\t<\/div>\n\t\t\t\t\t\t<\/div>\n\t\t\t\t\t<\/div>\n\t\t<\/div>\n\t\t\t\t<div class=\"elementor-column elementor-col-33 elementor-top-column elementor-element elementor-element-632663d\" data-id=\"632663d\" data-element_type=\"column\">\n\t\t\t<div class=\"elementor-column-wrap elementor-element-populated\">\n\t\t\t\t\t\t\t<div class=\"elementor-widget-wrap\">\n\t\t\t\t\t\t<div class=\"elementor-element elementor-element-b506314 elementor-widget elementor-widget-image\" data-id=\"b506314\" data-element_type=\"widget\" data-widget_type=\"image.default\">\n\t\t\t\t<div class=\"elementor-widget-container\">\n\t\t\t\t\t<div class=\"elementor-image\">\n\t\t\t\t\t\t\t\t\t\t<img width=\"199\" height=\"300\" src=\"http:\/\/www.tessiot-demenagement.com\/lareunion\/wp-content\/uploads\/2020\/06\/Sans_titre__22_-removebg-preview-199x300.png\" class=\"attachment-medium size-medium\" alt=\"pr\u00e9parez votre d\u00e9m\u00e9nagement\" loading=\"lazy\" srcset=\"http:\/\/www.tessiot-demenagement.com\/lareunion\/wp-content\/uploads\/2020\/06\/Sans_titre__22_-removebg-preview-199x300.png 199w, http:\/\/www.tessiot-demenagement.com\/lareunion\/wp-content\/uploads\/2020\/06\/Sans_titre__22_-removebg-preview.png 407w\" sizes=\"(max-width: 199px) 100vw, 199px\" \/>\t\t\t\t\t\t\t\t\t\t\t<\/div>\n\t\t\t\t<\/div>\n\t\t\t\t<\/div>\n\t\t\t\t\t\t<\/div>\n\t\t\t\t\t<\/div>\n\t\t<\/div>\n\t\t\t\t\t\t\t\t<\/div>\n\t\t\t\t\t<\/div>\n\t\t<\/section>\n\t\t\t\t<section class=\"elementor-section elementor-top-section elementor-element elementor-element-ddecb5a elementor-section-boxed elementor-section-height-default elementor-section-height-default\" data-id=\"ddecb5a\" data-element_type=\"section\">\n\t\t\t\t\t\t<div class=\"elementor-container elementor-column-gap-default\">\n\t\t\t\t\t\t\t<div class=\"elementor-row\">\n\t\t\t\t\t<div class=\"elementor-column elementor-col-100 elementor-top-column elementor-element elementor-element-3a755ba\" data-id=\"3a755ba\" data-element_type=\"column\">\n\t\t\t<div class=\"elementor-column-wrap elementor-element-populated\">\n\t\t\t\t\t\t\t<div class=\"elementor-widget-wrap\">\n\t\t\t\t\t\t<div class=\"elementor-element elementor-element-6d16ed1 elementor-widget elementor-widget-heading\" data-id=\"6d16ed1\" data-element_type=\"widget\" data-widget_type=\"heading.default\">\n\t\t\t\t<div class=\"elementor-widget-container\">\n\t\t\t<h2 class=\"elementor-heading-title elementor-size-large\">Combien de temps \u00e0 l'avance devez-vous pr\u00e9parer votre d\u00e9m\u00e9nagement ?<\/h2>\t\t<\/div>\n\t\t\t\t<\/div>\n\t\t\t\t\t\t<\/div>\n\t\t\t\t\t<\/div>\n\t\t<\/div>\n\t\t\t\t\t\t\t\t<\/div>\n\t\t\t\t\t<\/div>\n\t\t<\/section>\n\t\t\t\t<section class=\"elementor-section elementor-top-section elementor-element elementor-element-b8f475d elementor-section-boxed elementor-section-height-default elementor-section-height-default\" data-id=\"b8f475d\" data-element_type=\"section\">\n\t\t\t\t\t\t<div class=\"elementor-container elementor-column-gap-default\">\n\t\t\t\t\t\t\t<div class=\"elementor-row\">\n\t\t\t\t\t<div class=\"elementor-column elementor-col-100 elementor-top-column elementor-element elementor-element-243661e\" data-id=\"243661e\" data-element_type=\"column\">\n\t\t\t<div class=\"elementor-column-wrap elementor-element-populated\">\n\t\t\t\t\t\t\t<div class=\"elementor-widget-wrap\">\n\t\t\t\t\t\t<div class=\"elementor-element elementor-element-a620387 elementor-widget elementor-widget-text-editor\" data-id=\"a620387\" data-element_type=\"widget\" data-widget_type=\"text-editor.default\">\n\t\t\t\t<div class=\"elementor-widget-container\">\n\t\t\t\t\t<div class=\"elementor-text-editor elementor-clearfix\"><p>Tout d\u00e9pend bien entendu si vous \u00eates locataire ou si vous \u00eates propri\u00e9taire.<\/p><p>Si vous \u00eates locataire, il faut le pr\u00e9voir 3 mois \u00e0 l&#8217;avance afin d&#8217;envoyer la lettre de pr\u00e9avis avec accus\u00e9 de r\u00e9ception \u00e0 temps au propri\u00e9taire. Un mois peut suffire si vous avez subit une perte d&#8217;emploi involontaire, si vous \u00eates mut\u00e9 par votre employeur ou si vous \u00eates titulaire du RSA.<\/p><p>Si vous \u00eates propri\u00e9taire, vous allez devoir choisir entre vendre ou louer votre bien immobilier et les d\u00e9lais peuvent varier d&#8217;un extr\u00eame \u00e0 un autre. Vous pouvez commencer par essayer de vendre au prix que vous avez estim\u00e9 et d\u00e9cider au bout de 3 mois de louer car il n&#8217;est pas int\u00e9ressant de vendre en dessous du prix que vous vous \u00eates fix\u00e9. Les cas vont varier selon votre situation, aidez-vous d&#8217;un professionnel de l&#8217;immobilier pour vous conseiller.<\/p><\/div>\n\t\t\t\t<\/div>\n\t\t\t\t<\/div>\n\t\t\t\t\t\t<\/div>\n\t\t\t\t\t<\/div>\n\t\t<\/div>\n\t\t\t\t\t\t\t\t<\/div>\n\t\t\t\t\t<\/div>\n\t\t<\/section>\n\t\t\t\t<section class=\"elementor-section elementor-top-section elementor-element elementor-element-74bc0b5 elementor-section-boxed elementor-section-height-default elementor-section-height-default\" data-id=\"74bc0b5\" data-element_type=\"section\">\n\t\t\t\t\t\t<div class=\"elementor-container elementor-column-gap-default\">\n\t\t\t\t\t\t\t<div class=\"elementor-row\">\n\t\t\t\t\t<div class=\"elementor-column elementor-col-100 elementor-top-column elementor-element elementor-element-51ac3a4\" data-id=\"51ac3a4\" data-element_type=\"column\">\n\t\t\t<div class=\"elementor-column-wrap elementor-element-populated\">\n\t\t\t\t\t\t\t<div class=\"elementor-widget-wrap\">\n\t\t\t\t\t\t<div class=\"elementor-element elementor-element-4fdbf6d elementor-widget elementor-widget-heading\" data-id=\"4fdbf6d\" data-element_type=\"widget\" data-widget_type=\"heading.default\">\n\t\t\t\t<div class=\"elementor-widget-container\">\n\t\t\t<h3 class=\"elementor-heading-title elementor-size-large\">Quelles sont les aides pour d\u00e9m\u00e9nager ?<\/h3>\t\t<\/div>\n\t\t\t\t<\/div>\n\t\t\t\t\t\t<\/div>\n\t\t\t\t\t<\/div>\n\t\t<\/div>\n\t\t\t\t\t\t\t\t<\/div>\n\t\t\t\t\t<\/div>\n\t\t<\/section>\n\t\t\t\t<section class=\"elementor-section elementor-top-section elementor-element elementor-element-d4d9659 elementor-section-boxed elementor-section-height-default elementor-section-height-default\" data-id=\"d4d9659\" data-element_type=\"section\">\n\t\t\t\t\t\t<div class=\"elementor-container elementor-column-gap-default\">\n\t\t\t\t\t\t\t<div class=\"elementor-row\">\n\t\t\t\t\t<div class=\"elementor-column elementor-col-100 elementor-top-column elementor-element elementor-element-9558fc1\" data-id=\"9558fc1\" data-element_type=\"column\">\n\t\t\t<div class=\"elementor-column-wrap elementor-element-populated\">\n\t\t\t\t\t\t\t<div class=\"elementor-widget-wrap\">\n\t\t\t\t\t\t<div class=\"elementor-element elementor-element-0225393 elementor-widget elementor-widget-text-editor\" data-id=\"0225393\" data-element_type=\"widget\" data-widget_type=\"text-editor.default\">\n\t\t\t\t<div class=\"elementor-widget-container\">\n\t\t\t\t\t<div class=\"elementor-text-editor elementor-clearfix\"><p>Les aides financi\u00e8res au d\u00e9m\u00e9nagement sont tr\u00e8s limit\u00e9es.<\/p><p><strong>La CAF octroie une prime de d\u00e9m\u00e9nagement<\/strong> si vous avez au moins trois enfants \u00e0 votre charge et que le plus jeune de vos enfants soit \u00e2g\u00e9 de moins de 2 ans. Vous pouvez alors pr\u00e9tendre jusqu&#8217;\u00e0 969.10\u20ac pour 3 enfants \u00e0 charge (et 80.76\u20ac pas enfant suppl\u00e9mentaire). Pour plus de renseignement, vous pouvez consulter le <a href=\"http:\/\/www.caf.fr\">site de la CAF<\/a>.<\/p><p><strong>Des aides au d\u00e9m\u00e9nagement sont \u00e9galement octroy\u00e9e par le P\u00f4le emploi<\/strong> dans le cas o\u00f9 vous reprenez une activit\u00e9 d&#8217;au moins 12 mois sous certaines conditions. Renseignez vous aupr\u00e8s de votre conseiller P\u00f4le Emploi.<\/p><p>Enfin, vous pouvez pr\u00e9tendre dans certains cas \u00e0 un <strong>cr\u00e9dit d&#8217;imp\u00f4t<\/strong> de 2000\u20ac si vous d\u00e9m\u00e9nagez au del\u00e0 de 200 km pour occuper un poste d&#8217;au moins 6 mois et \u00eates inscrits en tant que demandeur d&#8217;emploi ou b\u00e9n\u00e9ficiaire du RSA \u00a0ou si vous \u00eates en formation non r\u00e9mun\u00e9r\u00e9e.<\/p><\/div>\n\t\t\t\t<\/div>\n\t\t\t\t<\/div>\n\t\t\t\t\t\t<\/div>\n\t\t\t\t\t<\/div>\n\t\t<\/div>\n\t\t\t\t\t\t\t\t<\/div>\n\t\t\t\t\t<\/div>\n\t\t<\/section>\n\t\t\t\t<section class=\"elementor-section elementor-top-section elementor-element elementor-element-0400991 elementor-section-boxed elementor-section-height-default elementor-section-height-default\" data-id=\"0400991\" data-element_type=\"section\">\n\t\t\t\t\t\t<div class=\"elementor-container elementor-column-gap-default\">\n\t\t\t\t\t\t\t<div class=\"elementor-row\">\n\t\t\t\t\t<div class=\"elementor-column elementor-col-100 elementor-top-column elementor-element elementor-element-573249c\" data-id=\"573249c\" data-element_type=\"column\">\n\t\t\t<div class=\"elementor-column-wrap elementor-element-populated\">\n\t\t\t\t\t\t\t<div class=\"elementor-widget-wrap\">\n\t\t\t\t\t\t<div class=\"elementor-element elementor-element-5120b40 elementor-widget elementor-widget-heading\" data-id=\"5120b40\" data-element_type=\"widget\" data-widget_type=\"heading.default\">\n\t\t\t\t<div class=\"elementor-widget-container\">\n\t\t\t<h4 class=\"elementor-heading-title elementor-size-large\">Quel est le prix d'un d\u00e9m\u00e9nagement ?<\/h4>\t\t<\/div>\n\t\t\t\t<\/div>\n\t\t\t\t\t\t<\/div>\n\t\t\t\t\t<\/div>\n\t\t<\/div>\n\t\t\t\t\t\t\t\t<\/div>\n\t\t\t\t\t<\/div>\n\t\t<\/section>\n\t\t\t\t<section class=\"elementor-section elementor-top-section elementor-element elementor-element-3c761db elementor-section-boxed elementor-section-height-default elementor-section-height-default\" data-id=\"3c761db\" data-element_type=\"section\">\n\t\t\t\t\t\t<div class=\"elementor-container elementor-column-gap-default\">\n\t\t\t\t\t\t\t<div class=\"elementor-row\">\n\t\t\t\t\t<div class=\"elementor-column elementor-col-66 elementor-top-column elementor-element elementor-element-a8bab1d\" data-id=\"a8bab1d\" data-element_type=\"column\">\n\t\t\t<div class=\"elementor-column-wrap elementor-element-populated\">\n\t\t\t\t\t\t\t<div class=\"elementor-widget-wrap\">\n\t\t\t\t\t\t<div class=\"elementor-element elementor-element-8db2011 elementor-widget elementor-widget-text-editor\" data-id=\"8db2011\" data-element_type=\"widget\" data-widget_type=\"text-editor.default\">\n\t\t\t\t<div class=\"elementor-widget-container\">\n\t\t\t\t\t<div class=\"elementor-text-editor elementor-clearfix\"><p>De nombreux param\u00e8tres vont entrer en jeu pour fixer le tarif de votre d\u00e9m\u00e9nagement.<\/p><p><strong>Le co\u00fbt du d\u00e9m\u00e9nageur professionnel va varier selon diff\u00e9rents param\u00e8tres:<\/strong><\/p><ul><li>Le volume<\/li><li>La distance en km entre votre logement actuel et le nouveau<\/li><li>L&#8217;acc\u00e8s \u00e0 votre domicile actuel et le nouveau (impossibilit\u00e9 de se garer devant la porte, vous habitez au 3\u00e8me \u00e9tage sans ascenseur&#8230;)<\/li><li>Votre mat\u00e9riel lourd (piano, machines)<\/li><li>Vos effets fragiles (lustres, miroirs : il conviendra de les emballer dans une caisse ad\u00e9quate pour \u00e9viter la casse)<\/li><li>la prestation choisie: vous pouvez opter pour tout emballer et tout d\u00e9monter vous-m\u00eame, n&#8217;emballer que les effets non fragiles ou ne rien faire du tout et charger votre d\u00e9m\u00e9nageur de tout emballer, tout d\u00e9monter et tout d\u00e9crocher. Voir nos formules<\/li><li>la p\u00e9riode de d\u00e9m\u00e9nagement (il est souvent moins cher de d\u00e9m\u00e9nager en hiver)<\/li><\/ul><p>Ainsi, ce co\u00fbt peut varier de 600\u20ac (pour un d\u00e9m\u00e9nagement local) \u00e0 plus de 10000\u20ac (pour un d\u00e9m\u00e9nagement \u00e0 l&#8217;\u00e9tranger), c&#8217;est la raison pour laquelle il est n\u00e9cessaire de faire faire un devis.<\/p><p>Avec Tessiot D\u00e9m\u00e9nagements, vous avez \u00e0 disposition <a href=\"http:\/\/www.tessiot-demenagement.com\/lareunion\/emballages-pour-demenager\/\">les emballages<\/a> et la possibilit\u00e9 de louer un emplacement en <a href=\"http:\/\/www.tessiot-demenagement.com\/lareunion\/stocker-en-garde-meubles\/\">garde-meubles s\u00e9curis\u00e9<\/a>.<\/p><\/div>\n\t\t\t\t<\/div>\n\t\t\t\t<\/div>\n\t\t\t\t\t\t<\/div>\n\t\t\t\t\t<\/div>\n\t\t<\/div>\n\t\t\t\t<div class=\"elementor-column elementor-col-33 elementor-top-column elementor-element elementor-element-acc4aa7\" data-id=\"acc4aa7\" data-element_type=\"column\">\n\t\t\t<div class=\"elementor-column-wrap elementor-element-populated\">\n\t\t\t\t\t\t\t<div class=\"elementor-widget-wrap\">\n\t\t\t\t\t\t<div class=\"elementor-element elementor-element-a63808b elementor-widget elementor-widget-image\" data-id=\"a63808b\" data-element_type=\"widget\" data-widget_type=\"image.default\">\n\t\t\t\t<div class=\"elementor-widget-container\">\n\t\t\t\t\t<div class=\"elementor-image\">\n\t\t\t\t\t\t\t<figure class=\"wp-caption\">\n\t\t\t\t\t\t\t\t\t\t<img width=\"300\" height=\"257\" src=\"http:\/\/www.tessiot-demenagement.com\/lareunion\/wp-content\/uploads\/2020\/11\/20201125_102145-2-300x257.jpg\" class=\"attachment-medium size-medium\" alt=\"d\u00e9m\u00e9nagement \u00e0 la r\u00e9union\" loading=\"lazy\" srcset=\"http:\/\/www.tessiot-demenagement.com\/lareunion\/wp-content\/uploads\/2020\/11\/20201125_102145-2-300x257.jpg 300w, http:\/\/www.tessiot-demenagement.com\/lareunion\/wp-content\/uploads\/2020\/11\/20201125_102145-2-1024x876.jpg 1024w, http:\/\/www.tessiot-demenagement.com\/lareunion\/wp-content\/uploads\/2020\/11\/20201125_102145-2-768x657.jpg 768w, http:\/\/www.tessiot-demenagement.com\/lareunion\/wp-content\/uploads\/2020\/11\/20201125_102145-2-1536x1314.jpg 1536w, http:\/\/www.tessiot-demenagement.com\/lareunion\/wp-content\/uploads\/2020\/11\/20201125_102145-2-2048x1752.jpg 2048w\" sizes=\"(max-width: 300px) 100vw, 300px\" \/>\t\t\t\t\t\t\t\t\t\t\t<figcaption class=\"widget-image-caption wp-caption-text\">L'\u00e9quipe vous accueille \u00e0 Saint-Pierre.<\/figcaption>\n\t\t\t\t\t\t\t\t\t\t<\/figure>\n\t\t\t\t\t<\/div>\n\t\t\t\t<\/div>\n\t\t\t\t<\/div>\n\t\t\t\t\t\t<\/div>\n\t\t\t\t\t<\/div>\n\t\t<\/div>\n\t\t\t\t\t\t\t\t<\/div>\n\t\t\t\t\t<\/div>\n\t\t<\/section>\n\t\t\t\t<section class=\"elementor-section elementor-top-section elementor-element elementor-element-7d1dae7 elementor-section-boxed elementor-section-height-default elementor-section-height-default\" data-id=\"7d1dae7\" data-element_type=\"section\">\n\t\t\t\t\t\t<div class=\"elementor-container elementor-column-gap-default\">\n\t\t\t\t\t\t\t<div class=\"elementor-row\">\n\t\t\t\t\t<div class=\"elementor-column elementor-col-100 elementor-top-column elementor-element elementor-element-23096e3\" data-id=\"23096e3\" data-element_type=\"column\">\n\t\t\t<div class=\"elementor-column-wrap elementor-element-populated\">\n\t\t\t\t\t\t\t<div class=\"elementor-widget-wrap\">\n\t\t\t\t\t\t<div class=\"elementor-element elementor-element-86da73b elementor-align-center elementor-widget elementor-widget-button\" data-id=\"86da73b\" data-element_type=\"widget\" data-widget_type=\"button.default\">\n\t\t\t\t<div class=\"elementor-widget-container\">\n\t\t\t\t\t<div class=\"elementor-button-wrapper\">\n\t\t\t<a href=\"http:\/\/www.tessiot-demenagement.com\/lareunion\/devis-demenagement-reunion\/\" class=\"elementor-button-link elementor-button elementor-size-lg\" role=\"button\">\n\t\t\t\t\t\t<span class=\"elementor-button-content-wrapper\">\n\t\t\t\t\t\t<span class=\"elementor-button-text\">Demandez votre devis gratuit<\/span>\n\t\t<\/span>\n\t\t\t\t\t<\/a>\n\t\t<\/div>\n\t\t\t\t<\/div>\n\t\t\t\t<\/div>\n\t\t\t\t\t\t<\/div>\n\t\t\t\t\t<\/div>\n\t\t<\/div>\n\t\t\t\t\t\t\t\t<\/div>\n\t\t\t\t\t<\/div>\n\t\t<\/section>\n\t\t\t\t\t\t<\/div>\n\t\t\t\t\t\t<\/div>\n\t\t\t\t\t<\/div>\n\t\t","protected":false},"excerpt":{"rendered":"<p>Pr\u00e9parer votre d\u00e9m\u00e9nagement. Vous d\u00e9m\u00e9nagez en local ? Vous d\u00e9m\u00e9nagez de la M\u00e9tropole vers l&#8217;\u00eele de La R\u00e9union ? Ou<\/p>\n","protected":false},"author":1,"featured_media":0,"parent":0,"menu_order":0,"comment_status":"open","ping_status":"open","template":"","meta":{"spay_email":""},"yoast_head":"<!-- This site is optimized with the Yoast SEO plugin v15.8 - https:\/\/yoast.com\/wordpress\/plugins\/seo\/ -->\n<title>Pr\u00e9parer son d\u00e9m\u00e9nagement - D\u00e9m\u00e9nagement A Tessiot<\/title>\n<meta name=\"description\" content=\"Comment bien pr\u00e9parer son d\u00e9m\u00e9nagement dans les DOM TOM ? Comment bien choisir un d\u00e9m\u00e9nageur? Toutes les r\u00e9ponses \u00e0 vos questions.\" \/>\n<meta name=\"robots\" content=\"index, follow, max-snippet:-1, max-image-preview:large, max-video-preview:-1\" \/>\n<link rel=\"canonical\" href=\"http:\/\/www.tessiot-demenagement.com\/lareunion\/preparer-son-demenagement\/\" \/>\n<meta property=\"og:locale\" content=\"fr_FR\" \/>\n<meta property=\"og:type\" content=\"article\" \/>\n<meta property=\"og:title\" content=\"Pr\u00e9parer son d\u00e9m\u00e9nagement - D\u00e9m\u00e9nagement A Tessiot\" \/>\n<meta property=\"og:description\" content=\"Comment bien pr\u00e9parer son d\u00e9m\u00e9nagement dans les DOM TOM ? Comment bien choisir un d\u00e9m\u00e9nageur? Toutes les r\u00e9ponses \u00e0 vos questions.\" \/>\n<meta property=\"og:url\" content=\"http:\/\/www.tessiot-demenagement.com\/lareunion\/preparer-son-demenagement\/\" \/>\n<meta property=\"og:site_name\" content=\"D\u00e9m\u00e9nagement A Tessiot\" \/>\n<meta property=\"article:modified_time\" content=\"2022-02-25T10:20:53+00:00\" \/>\n<meta property=\"og:image\" content=\"http:\/\/www.tessiot-demenagement.com\/lareunion\/wp-content\/uploads\/2020\/06\/Sans_titre__22_-removebg-preview-199x300.png\" \/>\n<meta name=\"twitter:label1\" content=\"Dur\u00e9e de lecture est.\">\n\t<meta name=\"twitter:data1\" content=\"4 minutes\">\n<script type=\"application\/ld+json\" class=\"yoast-schema-graph\">{\"@context\":\"https:\/\/schema.org\",\"@graph\":[{\"@type\":\"WebSite\",\"@id\":\"http:\/\/www.tessiot-demenagement.com\/lareunion\/#website\",\"url\":\"http:\/\/www.tessiot-demenagement.com\/lareunion\/\",\"name\":\"D\\u00e9m\\u00e9nagement A Tessiot\",\"description\":\"votre demenageur specialiste des transferts administratifs et industriels\",\"potentialAction\":[{\"@type\":\"SearchAction\",\"target\":\"http:\/\/www.tessiot-demenagement.com\/lareunion\/?s={search_term_string}\",\"query-input\":\"required name=search_term_string\"}],\"inLanguage\":\"fr-FR\"},{\"@type\":\"ImageObject\",\"@id\":\"http:\/\/www.tessiot-demenagement.com\/lareunion\/preparer-son-demenagement\/#primaryimage\",\"inLanguage\":\"fr-FR\",\"url\":\"http:\/\/www.tessiot-demenagement.com\/lareunion\/wp-content\/uploads\/2020\/06\/Sans_titre__22_-removebg-preview.png\",\"width\":407,\"height\":613,\"caption\":\"pr\\u00e9parez votre d\\u00e9m\\u00e9nagement\"},{\"@type\":\"WebPage\",\"@id\":\"http:\/\/www.tessiot-demenagement.com\/lareunion\/preparer-son-demenagement\/#webpage\",\"url\":\"http:\/\/www.tessiot-demenagement.com\/lareunion\/preparer-son-demenagement\/\",\"name\":\"Pr\\u00e9parer son d\\u00e9m\\u00e9nagement - D\\u00e9m\\u00e9nagement A Tessiot\",\"isPartOf\":{\"@id\":\"http:\/\/www.tessiot-demenagement.com\/lareunion\/#website\"},\"primaryImageOfPage\":{\"@id\":\"http:\/\/www.tessiot-demenagement.com\/lareunion\/preparer-son-demenagement\/#primaryimage\"},\"datePublished\":\"2014-11-05T09:52:52+00:00\",\"dateModified\":\"2022-02-25T10:20:53+00:00\",\"description\":\"Comment bien pr\\u00e9parer son d\\u00e9m\\u00e9nagement dans les DOM TOM ? Comment bien choisir un d\\u00e9m\\u00e9nageur? Toutes les r\\u00e9ponses \\u00e0 vos questions.\",\"breadcrumb\":{\"@id\":\"http:\/\/www.tessiot-demenagement.com\/lareunion\/preparer-son-demenagement\/#breadcrumb\"},\"inLanguage\":\"fr-FR\",\"potentialAction\":[{\"@type\":\"ReadAction\",\"target\":[\"http:\/\/www.tessiot-demenagement.com\/lareunion\/preparer-son-demenagement\/\"]}]},{\"@type\":\"BreadcrumbList\",\"@id\":\"http:\/\/www.tessiot-demenagement.com\/lareunion\/preparer-son-demenagement\/#breadcrumb\",\"itemListElement\":[{\"@type\":\"ListItem\",\"position\":1,\"item\":{\"@type\":\"WebPage\",\"@id\":\"http:\/\/www.tessiot-demenagement.com\/lareunion\/preparer-son-demenagement\/\",\"url\":\"http:\/\/www.tessiot-demenagement.com\/lareunion\/preparer-son-demenagement\/\",\"name\":\"Pr\\u00e9parer son d\\u00e9m\\u00e9nagement\"}}]}]}<\/script>\n<!-- \/ Yoast SEO plugin. -->","jetpack_sharing_enabled":true,"jetpack_shortlink":"https:\/\/wp.me\/P5eCLF-c4","_links":{"self":[{"href":"http:\/\/www.tessiot-demenagement.com\/lareunion\/wp-json\/wp\/v2\/pages\/748"}],"collection":[{"href":"http:\/\/www.tessiot-demenagement.com\/lareunion\/wp-json\/wp\/v2\/pages"}],"about":[{"href":"http:\/\/www.tessiot-demenagement.com\/lareunion\/wp-json\/wp\/v2\/types\/page"}],"author":[{"embeddable":true,"href":"http:\/\/www.tessiot-demenagement.com\/lareunion\/wp-json\/wp\/v2\/users\/1"}],"replies":[{"embeddable":true,"href":"http:\/\/www.tessiot-demenagement.com\/lareunion\/wp-json\/wp\/v2\/comments?post=748"}],"version-history":[{"count":16,"href":"http:\/\/www.tessiot-demenagement.com\/lareunion\/wp-json\/wp\/v2\/pages\/748\/revisions"}],"predecessor-version":[{"id":3092,"href":"http:\/\/www.tessiot-demenagement.com\/lareunion\/wp-json\/wp\/v2\/pages\/748\/revisions\/3092"}],"wp:attachment":[{"href":"http:\/\/www.tessiot-demenagement.com\/lareunion\/wp-json\/wp\/v2\/media?parent=748"}],"curies":[{"name":"wp","href":"https:\/\/api.w.org\/{rel}","templated":true}]}}